t**2 - 3 + p*t - t**2 + t**3. Give s(4).
1
Let p = 1 - -2. Let q(r) = 8*r**2 + p*r**2 - 5*r**2 - 2*r + r**3. What is q(-6)?
12
Let n(h) be the second derivative of h**4/12 + 7*h**3/6 + 5*h**2/2 + 22*h. Give n(-4).
-7
Let p be (-2)/3 + (-96)/(-36). Let j(u) be the first derivative of -1/2*u**2 + 2 - p*u + 1/3*u**3. Give j(3).
4
Let k = -19 + 23. Let i(b) = b**3 - 4*b**2 + b. Determine i(k).
4
Let m be ((-2)/(-4))/((-1)/18). Let v be 1*(-5)/(15/m). Let h(j) = 2*j - 4. What is h(v)?
2
Let w(v) = -11*v**3 + 6*v**2 + v. Let x(z) = 5*z**3 - 3*z**2 - z. Let k(o) = -4*w(o) - 9*x(o). Give k(4).
4
Let h be (-54)/(-2)*5/15. Let o be 2/h - (-200)/72. Let j(p) be the first derivative of -p**2/2 + p + 1. Calculate j(o).
-2
Let v(m) = m**2 + 6*m - 1. Let r be v(-6). Let s(f) be the third derivative of -f**5/20 - 14*f**2. Calculate s(r).
-3
Let u be ((-12)/4)/(((-6)/(-2))/6). Let r(l) = -l - 2. Determine r(u).
4
Let c be (-4)/(-2) + (2 + -5 - 0). Let z(p) = 7*p**2 + p + 1. Calculate z(c).
7
Suppose 2*k = -0*k + 10. Let h be (-12)/(-7) - (-2)/7. Let l(w) = -1 - h*w + 3*w - 2*w. What is l(k)?
-6
Let x(w) be the second derivative of w**4/12 + 5*w**3/6 + 3*w**2/2 + 8*w. Let b = -19 + 13. Calculate x(b).
9
Let q(t) = -t. Let y(d) = 4*d - 1. Let h(x) = 3*q(x) + y(x). Give h(-5).
-6
Let f(r) be the first derivative of r**2/2 - 3*r - 4. Let j(s) = -s**2 - 2*s - 5*s + s - 2. Let m be j(-5). Determine f(m).
0
Let v(b) = b**3 - 6*b**2 + 4*b - 6. Suppose -45 = 12*i - 21*i. What is v(i)?
-11
Suppose 5*n = 2*c + 3*c - 10, c + 16 = -2*n. Let s(h) = -h**3 - 5*h**2 + 6*h - 1. Calculate s(n).
-1
Let f be 2/7 + 12/(-42). Let s(d) = -34*d + 2 + f + 32*d. Give s(2).
-2
Let t(o) = -3*o**2 + 5*o + 6. Let b(w) be the first derivative of -4 - 24*w + 13/3*w**3 - 10*w**2. Let j(r) = 2*b(r) + 9*t(r). Calculate j(5).
6
Let p = -53 + 51. Let w(i) = i**2 - i - 2. Give w(p).
4
Let a(h) = -h**3 + 3*h**2. Suppose -1 = -4*y + 15. Suppose 3*r + y*f - 8 - 16 = 0, -5*r + 40 = -f. Let z = r - 5. Determine a(z).
0
Let m(z) = 3*z**2 + 1. Suppose j - 2 = 3*j - i, -20 = -5*i. Suppose -j + 0 = -d. Determine m(d).
4
Let o = 355/6 + -59. Let y(k) be the second derivative of -o*k**3 + 0 + 4*k**2 - k. Give y(4).
4
Let p be 0/(-3)*(1 - 2). Suppose 0 = m - p*m - 4. Let f(h) = -2*h. Let w(z) = z**2 + z. Let k(o) = 4*f(o) + 2*w(o). Calculate k(m).
8
Let k(t) be the second derivative of -t**3/3 - 5*t**2/2 - 18*t. Give k(-5).
5
Let w(a) = -2*a + 4. Let m(s) = -3*s + 5. Let u(f) = -3*m(f) + 4*w(f). Let y = 0 - 2. Calculate u(y).
-1
Let g = -6 - -10. Suppose g*r - h + 7 = 0, r = 4*r + 2*h - 3. Let s(v) = -7*v**2 - 2*v - 1. Give s(r).
-6
Let v = 5 + -1. Let a(x) = x**3 - 5*x**2 + 4*x. Give a(v).
0
Let j(l) = -2*l - 1. Let d(c) = -c**3 + 2*c**2 + 2*c + 4. Let a be (-33)/(-12) + 3/12. Let u be d(a). Let n be -2 - (-1 + -3*u). Give j(n).
-5
Let p(r) = r**2 - 4*r. Let l = 0 - 2. Let f(y) = 6*y + 6*y - 15*y - 1 + 0*y. Let s be f(l). What is p(s)?
5
Let m(p) = 11*p**2 - 2*p + 9. Let i(u) = -5*u**2 + u - 4. Let x(a) = 9*i(a) + 4*m(a). Determine x(2).
-2
Let n be (-2)/(-3) - 24/36. Let q(w) = -4*w + 5*w + 7 - 2*w. Give q(n).
7
Let p(j) be the second derivative of j**6/120 - j**4/3 + 4*j. Let a(o) be the third derivative of p(o). Determine a(1).
6
Suppose -2*w + 5 = -7*w. Let i be -3 + (w - -26) + -2. Let k be 1/(-5) - (-124)/i. Let m(s) = -s**2 + 7*s. Give m(k).
6
Let z(m) be the second derivative of m**5/10 - m**4/4 + m**2 + m. Let p = 1 + -4. Let c = p + 5. What is z(c)?
6
Let v(b) = 0*b - 4*b**2 + 2*b**3 - 1 + 2*b - b**3. Let i(d) be the first derivative of -5*d**4/4 - 2*d**3/3 - d**2 - d + 2. Let j be i(-1). Determine v(j).
7
Let d(n) be the first derivative of -n**4/4 + 8*n**3/3 - 7*n**2/2 + 6*n + 5. Give d(7).
6
Let c(h) = -h**2 + 5*h - 6. Let n be c(5). Let g(s) = s**3 + 5*s**2 - 5*s + 7. Determine g(n).
1
Let s be 0 - -1 - 2 - -3. Let c(j) = -2*j - 1. Give c(s).
-5
Let c(q) be the first derivative of -q**2/2 - q + 5. Let o be -3 - (4/(-1) - -2). Calculate c(o).
0
Let n be 3/(1 - 2/8). Let b(o) = -5*o**3 - 3*o**2 + 9*o - 1. Let q(v) = 4*v**3 + 3*v**2 - 8*v. Let j(i) = n*q(i) + 3*b(i). Suppose -86 + 82 = x. Calculate j(x).
1
Let h(w) be the third derivative of w**6/120 - w**5/30 + w**3/6 + 9*w**2. Calculate h(-2).
-15
Let m(p) be the third derivative of 0 - 1/24*p**4 + 0*p - 1/3*p**3 + 3*p**2 + 1/30*p**5. Give m(3).
13
Let l = -12 + 6. Let d(t) be the second derivative of -t**5/20 - 7*t**4/12 - 4*t**3/3 - 9*t**2/2 + 2*t. Let p be d(l). Let r(v) = -2*v + 3. Give r(p).
-3
Let q(a) = -a**2 - 3*a - 2. Suppose 3*o = 3*m - 12, 0*m + 3*m = 0. Let y = o - 2. Let g(u) = u**2 + 7*u + 4. Let f be g(y). Calculate q(f).
0
Let f(u) be the third derivative of u**6/120 - u**5/15 + u**4/12 - 5*u**3/6 - 5*u**2. Calculate f(4).
3
Let p(n) = -n**3 + 4*n**2 + 6*n - 3. Suppose -8 - 17 = -5*q. Let m be p(q). Let a(b) = -4*b**3 + b**3 - m + 1 - b**2 + 2*b**3. Determine a(-2).
3
Let g(q) = 5*q + q + 33 + q**2 - 35. What is g(-5)?
-7
Let s(p) = -p**2 - 4*p + 7. Let d be s(-6). Let q(o) = 23*o**2 + 1. Let c be q(1). Let a(k) = -3 - c*k**2 + 0*k + 0 + 23*k**2 - 4*k. Calculate a(d).
-8
Let o(w) = -7*w - 7. Let u(s) = 4*s + 4. Let q(n) = 3*o(n) + 5*u(n). Let v(b) = 3*b + 5. Let i(l) = 6*q(l) + v(l). Let m be 2*6/3*-1. Give i(m).
11
Let m(f) be the first derivative of -f**3/6 - 2*f**2 - 2*f + 4. Let q(o) be the first derivative of m(o). Determine q(-3).
-1
Let w(b) = -39 - 6*b + 3*b - b**2 + 35. Let s = -11 + 8. Give w(s).
-4
Let l(t) be the third derivative of t**4/8 - 3*t**2. Let n be 5/2*(-24)/(-15). Let x be (n + -1)/(-3) + 2. What is l(x)?
3
Let f(z) be the third derivative of z**6/120 + z**5/15 + z**4/8 + z**3/3 - 2*z**2. Suppose -25 + 9 = 2*m. Let p = -11 - m. Give f(p).
2
Let m(g) = -g**3 - 5*g**2 - g - 10. Let c be m(-5). Let r(z) = -z**2 - 3*z. Determine r(c).
-10
Let g(q) = q + 9. Suppose 3*m = -3*h - 30, m + 3*m + 50 = -2*h. Let c = -19 - m. Calculate g(c).
5
Let r(m) = -m**3 - 3*m**2 + 5*m + 3. Let q = 2 + -6. Let w be 4 - 1 - q/2. Suppose -3*s - 7 = w. Give r(s).
-1
Suppose -c + 7 - 2 = 0. Let l(w) = w**3 - 5*w**2 + 2*w - 3. Determine l(c).
7
Suppose 4*j = -1 - 15. Let z(g) = -g**2 - 3*g - 3. What is z(j)?
-7
Let d(o) = 2*o + 5. Let z(b) = 1. Let a(s) = d(s) - 2*z(s). Let x be 2/(-10) - (-14)/(-5). Let h be (-3)/1*(-2)/x. Give a(h).
-1
Let t(n) = -n + 1. Let s = -12 - -12. Suppose -2*a + 5*h + 20 = 1, s = 3*h + 15. Calculate t(a).
4
Let r(h) = -h**2 - 6*h - 3. Let n(l) = -2*l - 32. Let p be n(-13). Determine r(p).
-3
Let g(u) = -3*u - 2 + 4*u - 3*u. Suppose t = -9 + 14. Suppose t*a - 1 = -16. Calculate g(a).
4
Let s(w) = -w**2 + 2*w - 2. Let z(p) = p**2 - 4*p + 3. Let n be z(4). Suppose n*b + 0 = 6. Calculate s(b).
-2
Let k(s) be the second derivative of s**5/20 - s**4/12 - 5*s**3/6 + 2*s**2 + 102*s. Let j = 11 + -8. Give k(j).
7
Suppose 8 = 3*o + o. Let s(b) = 0*b + 7*b - 6*b. Determine s(o).
2
Let s(o) = o**3 - 3*o**2 - 4*o + 4. Suppose -2*i + 5 = -1. Give s(i).
-8
Suppose 5*a = -g + 5, 0 = 3*g + g - 3*a + 3. Let m(i) = i**3 + i**2 - i - 1. Calculate m(g).
-1
Let s be 1/3 - (-76)/(-12). Let y(u) = -u**2 - 7*u - 4. What is y(s)?
2
Let j(o) = o - 11. Let x be j(8). Let h(p) = 3*p**2 + 6*p - 6. Let c(k) = -k**2 - 2*k + 2. Let z(b) = 17*c(b) + 6*h(b). Calculate z(x).
1
Let q(x) = 4 + x - 5 - 1. Let c be q(4). Suppose 0 = c*p - 0*p - 8. Let z(y) = -y**3 + 3*y**2 + 3*y + 4. What is z(p)?
0
Let c(b) = -b - 28 + 28. Give c(6).
-6
Let v(b) = b**3 - 6*b**2 + 5*b. Suppose 3*g - z = -10, 2*z + 2 - 4 = -3*g. Let w = g - -6. Calculate v(w).
-12
Let d(u) be the second derivative of -2*u**3/3 - 3*u**2 + 2*u. Determine d(-4).
10
Let a(j) = -j**2 + j + 2. Let h(y) = -y**2 + 9*y. Let z be h(9). Let f be a(z). Suppose f*r = 1 - 7. Let c(n) = n**2 + 5*n + 3. Determine c(r).
-3
Let c(r) = -1 + 0*r + r**2 + 4*r - 5*r - r**3. What is c(2)?
-7
Let o(n) = -34*n**2 + 8*n - 8. Let k(x) = -11*x**2 + 3*x - 3. Let l(i) = -8*k(i) + 3*o(i). Give l(-1).
-14
Let m(i) = -37*i + 14. Let j(c) = -13*c + 5. Let w(g) = 11*j(g) - 4*m(g). What is w(-1)?
-6
Let f = -10 + 22. Let a(g) = -7*g**2 + f*g**2 - 7*g**2. Give a(1).
-2
Let x(a) be the third derivative of -a**5/60 + a**4/6 + 5*a**3/6 - 6*a**2. Calculate x(5).
0
Let q(n) = -n - 2. Let r be (-8)/(-3) - 2/(-6). Suppo